{"id":1015,"date":"2019-08-28T15:50:05","date_gmt":"2019-08-28T14:50:05","guid":{"rendered":"https:\/\/asal.dz\/?page_id=1015"},"modified":"2019-08-28T15:50:05","modified_gmt":"2019-08-28T14:50:05","slug":"realisation-dun-atlas-algerien-du-gisement-solaire-a-partir-de-limagerie-satellitaire-et-des-systemes-dinformation-geographique","status":"publish","type":"page","link":"https:\/\/asal.dz\/?page_id=1015","title":{"rendered":"R\u00e9alisation d\u2019un Atlas Alg\u00e9rien du Gisement solaire \u00e0 partir de l\u2019imagerie satellitaire et des Syst\u00e8mes d\u2019Information G\u00e9ographique"},"content":{"rendered":"<p class=\"Style86\" align=\"center\"><img loading=\"lazy\" decoding=\"async\" src=\"https:\/\/www.asal.dz\/pictures\/atlas-gisement.jpg\" width=\"345\" height=\"353\" border=\"1\" \/><\/p>\n<p class=\"Style94\" align=\"center\">\n<p class=\"Style94\" align=\"justify\">Ce projet,engag\u00e9 avec le Minist\u00e8re de l\u2019Energie en avril 2013, est en cours de r\u00e9alisation et comprend deux (02) \u00e9tudes\u00a0:<\/p>\n<p class=\"Style94\" align=\"justify\">1- <strong>La r\u00e9alisation d\u2019un atlas Alg\u00e9rien du gisement solaire\u00a0:<\/strong> qui s\u2019articule autour des 03 phases suivantes\u00a0:<\/p>\n<div align=\"justify\">\n<p class=\"Style94\"><strong>&#8211; Phase 1<\/strong>\u00a0: Constitution de la base de donn\u00e9es<\/p>\n<p class=\"Style94\"><strong>&#8211; Phase 2<\/strong>\u00a0: Analyse des param\u00e8tres et \u00e9tude du renforcement du r\u00e9seau radiom\u00e9trique<\/p>\n<p class=\"Style94\">&#8211; <strong>Phase 3<\/strong>\u00a0: D\u00e9veloppement et r\u00e9alisation du syst\u00e8me d\u2019information solaire.<\/p>\n<\/div>\n<div align=\"justify\">\n<p class=\"Style94\">2- <strong>L\u2019identification de sites \u00e0 fort potentiel solaire pour l\u2019implantation de centrales solaires par utilisation de l\u2019outil spatial<\/strong>\u00a0: qui s\u2019appuie sur 03 phases\u00a0:<\/p>\n<p class=\"Style94\">&#8211; <strong>Phase 1<\/strong>\u00a0: Analyse et traitement des donn\u00e9es statistiques et satellitaires<\/p>\n<p class=\"Style94\">&#8211; <strong>Phase2<\/strong>\u00a0: D\u00e9termination des zones favorables pour l&rsquo;impl\u00e9mentation des stations solaires<\/p>\n<p class=\"Style94\">&#8211; <strong>Phase 3<\/strong>\u00a0: Etude des sites \u00e0 fort potentiel solaire par utilisation des syst\u00e8mes d\u2019information G\u00e9ographique<\/p>\n<\/div>\n<p class=\"Style84\" align=\"justify\">Il est \u00e0 noter, que la mise en \u0153uvre du projet repose sur la conception d\u2019une base de donn\u00e9es g\u00e9ographiques, aliment\u00e9e, entre autre, par des donn\u00e9es climatologiques et satellitaires, et r\u00e9alis\u00e9e en partenariat avec l\u2019Office National de la M\u00e9t\u00e9orologie, \u00e0 travers la fourniture de donn\u00e9es m\u00e9t\u00e9orologiques et radiom\u00e9triques.<\/p>\n","protected":false},"excerpt":{"rendered":"<p>Ce projet,engag\u00e9 avec le Minist\u00e8re de l\u2019Energie en avril 2013, est en cours de r\u00e9alisation et comprend deux (02) \u00e9tudes\u00a0: 1- La r\u00e9alisation d\u2019un atlas Alg\u00e9rien du gisement solaire\u00a0: qui s\u2019articule autour des 03 phases suivantes\u00a0: &#8211; Phase 1\u00a0: Constitution de la base de donn\u00e9es &#8211; Phase 2\u00a0: Analyse des param\u00e8tres et \u00e9tude du renforcement [&hellip;]<\/p>\n","protected":false},"author":1,"featured_media":0,"parent":0,"menu_order":0,"comment_status":"closed","ping_status":"closed","template":"","meta":{"_et_pb_use_builder":"","_et_pb_old_content":"","_et_gb_content_width":"","rop_custom_images_group":[],"rop_custom_messages_group":[],"rop_publish_now":"initial","rop_publish_now_accounts":[],"rop_publish_now_history":[],"rop_publish_now_status":"pending","footnotes":""},"class_list":["post-1015","page","type-page","status-publish","hentry"],"_links":{"self":[{"href":"https:\/\/asal.dz\/index.php?rest_route=\/wp\/v2\/pages\/1015","targetHints":{"allow":["GET"]}}],"collection":[{"href":"https:\/\/asal.dz\/index.php?rest_route=\/wp\/v2\/pages"}],"about":[{"href":"https:\/\/asal.dz\/index.php?rest_route=\/wp\/v2\/types\/page"}],"author":[{"embeddable":true,"href":"https:\/\/asal.dz\/index.php?rest_route=\/wp\/v2\/users\/1"}],"replies":[{"embeddable":true,"href":"https:\/\/asal.dz\/index.php?rest_route=%2Fwp%2Fv2%2Fcomments&post=1015"}],"version-history":[{"count":0,"href":"https:\/\/asal.dz\/index.php?rest_route=\/wp\/v2\/pages\/1015\/revisions"}],"wp:attachment":[{"href":"https:\/\/asal.dz\/index.php?rest_route=%2Fwp%2Fv2%2Fmedia&parent=1015"}],"curies":[{"name":"wp","href":"https:\/\/api.w.org\/{rel}","templated":true}]}}