{"id":1041,"date":"2019-08-28T15:58:27","date_gmt":"2019-08-28T14:58:27","guid":{"rendered":"https:\/\/asal.dz\/?page_id=1041"},"modified":"2019-08-28T15:58:27","modified_gmt":"2019-08-28T14:58:27","slug":"developpement-de-lagriculture-saharienne-par-utilisation-de-limagerie-satellitaire","status":"publish","type":"page","link":"https:\/\/asal.dz\/?page_id=1041","title":{"rendered":"D\u00e9veloppement de l\u2019agriculture saharienne par utilisation de l\u2019imagerie satellitaire"},"content":{"rendered":"<p class=\"Style37\" align=\"justify\">Dans le cadre de la convention particuli\u00e8re, sign\u00e9e en avril 2012 avec le Commissariat pour le D\u00e9veloppement de l\u2019Agriculture dans les R\u00e9gions Sahariennes (CDARS), un projet a \u00e9t\u00e9 r\u00e9alis\u00e9 en 2013 autour de l\u2019utilisation des technologies spatiales au profit du d\u00e9veloppement de l\u2019agriculture saharienne.<\/p>\n<p class=\"Style37\" align=\"justify\">Les zones d\u2019\u00e9tude concernaient les communes de Guemmar, El bordj et Zribet El Oued o\u00f9 les th\u00e9matiques suivantes ont \u00e9t\u00e9 trait\u00e9es\u00a0:<\/p>\n<p class=\"Style37\" align=\"justify\">&#8211; la r\u00e9habilitation de\u00a0la palmeraie et l\u2019extension de l\u2019\u00e9cosyst\u00e8me oasien;<\/p>\n<p class=\"Style37\" align=\"justify\">&#8211; le d\u00e9veloppement agropastoral des zones frontali\u00e8res.<\/p>\n<p class=\"Style42\" align=\"center\"><img loading=\"lazy\" decoding=\"async\" src=\"https:\/\/www.asal.dz\/pictures\/agriculturesaha1.jpg\" width=\"609\" height=\"342\" \/><\/p>\n<p class=\"Style58\" align=\"center\"><span class=\"Style46\">Culture en pivot-R\u00e9gion de Guemmar (El Oued), image Alsat-2A du 28 novembre 2012<\/span><\/p>\n<p class=\"Style42\" align=\"center\"><img loading=\"lazy\" decoding=\"async\" src=\"https:\/\/www.asal.dz\/pictures\/agriculturesaha2.jpg\" width=\"468\" height=\"327\" \/><\/p>\n<p class=\"Style46\" align=\"center\">Culture en serre -R\u00e9gion de Zribet el Oued (Biskra), image Alsat-2A du 10 d\u00e9cembre 2012<\/p>\n<p class=\"Style46\" align=\"center\"><img loading=\"lazy\" decoding=\"async\" src=\"https:\/\/www.asal.dz\/pictures\/agriculturesaha3.jpg\" width=\"515\" height=\"337\" \/><\/p>\n<p class=\"Style46\" align=\"center\">Agriculture aux alentours du r\u00e9seau hydrographique -R\u00e9gion de Zribet el Oued<br \/>\nImage Alsat-2A du 10 d\u00e9cembre 2012<\/p>\n<p class=\"Style46\" align=\"center\"><img loading=\"lazy\" decoding=\"async\" src=\"https:\/\/www.asal.dz\/pictures\/agriculturesaha4.jpg\" width=\"620\" height=\"459\" \/><\/p>\n<p class=\"Style46\" align=\"center\">Zone de parcours -R\u00e9gion d\u2019El Bordj (El Oued), image Alsat-2A du 25\/11\/2012<\/p>\n<p class=\"Style37\">Durant ce projet, les actions entreprises par l\u2019ASAL, ont concern\u00e9\u00a0:<\/p>\n<blockquote>\n<p class=\"Style37\" align=\"justify\"><strong>&#8211;<\/strong> deux formations en t\u00e9l\u00e9d\u00e9tection et SIG;<\/p>\n<p class=\"Style37\" align=\"justify\"><strong>&#8211;<\/strong> une expertise technique, au profit des cadres du CDARS;<\/p>\n<p class=\"Style37\" align=\"justify\"><strong>&#8211;<\/strong> Une assistance technique dans l\u2019utilisation des images \u00e0 moyenne et haute r\u00e9solution spatiale dans l\u2019\u00e9tude th\u00e9matique du CDARS.<\/p>\n<\/blockquote>\n","protected":false},"excerpt":{"rendered":"<p>Dans le cadre de la convention particuli\u00e8re, sign\u00e9e en avril 2012 avec le Commissariat pour le D\u00e9veloppement de l\u2019Agriculture dans les R\u00e9gions Sahariennes (CDARS), un projet a \u00e9t\u00e9 r\u00e9alis\u00e9 en 2013 autour de l\u2019utilisation des technologies spatiales au profit du d\u00e9veloppement de l\u2019agriculture saharienne. Les zones d\u2019\u00e9tude concernaient les communes de Guemmar, El bordj et [&hellip;]<\/p>\n","protected":false},"author":1,"featured_media":0,"parent":0,"menu_order":0,"comment_status":"closed","ping_status":"closed","template":"","meta":{"_et_pb_use_builder":"","_et_pb_old_content":"","_et_gb_content_width":"","rop_custom_images_group":[],"rop_custom_messages_group":[],"rop_publish_now":"initial","rop_publish_now_accounts":[],"rop_publish_now_history":[],"rop_publish_now_status":"pending","footnotes":""},"class_list":["post-1041","page","type-page","status-publish","hentry"],"_links":{"self":[{"href":"https:\/\/asal.dz\/index.php?rest_route=\/wp\/v2\/pages\/1041","targetHints":{"allow":["GET"]}}],"collection":[{"href":"https:\/\/asal.dz\/index.php?rest_route=\/wp\/v2\/pages"}],"about":[{"href":"https:\/\/asal.dz\/index.php?rest_route=\/wp\/v2\/types\/page"}],"author":[{"embeddable":true,"href":"https:\/\/asal.dz\/index.php?rest_route=\/wp\/v2\/users\/1"}],"replies":[{"embeddable":true,"href":"https:\/\/asal.dz\/index.php?rest_route=%2Fwp%2Fv2%2Fcomments&post=1041"}],"version-history":[{"count":0,"href":"https:\/\/asal.dz\/index.php?rest_route=\/wp\/v2\/pages\/1041\/revisions"}],"wp:attachment":[{"href":"https:\/\/asal.dz\/index.php?rest_route=%2Fwp%2Fv2%2Fmedia&parent=1041"}],"curies":[{"name":"wp","href":"https:\/\/api.w.org\/{rel}","templated":true}]}}