{"id":1229,"date":"2019-09-02T16:45:41","date_gmt":"2019-09-02T15:45:41","guid":{"rendered":"https:\/\/asal.dz\/?page_id=1229"},"modified":"2019-09-02T16:45:41","modified_gmt":"2019-09-02T15:45:41","slug":"analyse-des-impacts-lies-a-linondation-ayant-touche-la-region-de-fkirina-wilaya-doum-el-bouaghi-le-31-08-2013-a-partir-de-limagerie-satellitaire-alsat-2a","status":"publish","type":"page","link":"https:\/\/asal.dz\/?page_id=1229","title":{"rendered":"Analyse des impacts li\u00e9s \u00e0 l\u2019inondation ayant touch\u00e9 la r\u00e9gion de F\u2019kirina (Wilaya d\u2019Oum El Bouaghi) le 31\/08\/2013, \u00e0 partir de l\u2019imagerie satellitaire Alsat 2A."},"content":{"rendered":"<p class=\"Style99\" align=\"justify\">Suite aux inondations ayant touch\u00e9\u00a0 la Wilaya d\u2019Oum El Bouaghi, le 31 ao\u00fbt 2013, \u00a0l\u2019Agence Spatiale\u00a0 Alg\u00e9rienne a exploit\u00e9 les images satellitaires Alsat-2A, couvrant la commune de F\u2019kirina et ce, afin d\u2019identifier les\u00a0 d\u00e9g\u00e2ts occasionn\u00e9s.<\/p>\n<p class=\"Style99\" align=\"justify\">L\u2019analyse des impacts li\u00e9s \u00e0 cet \u00e9v\u00e9nement pluvieux est effectu\u00e9e sur la base d\u2019images Alsat-2A\u00a0 prises le 08 septembre 2013, ce qui a permis :<\/p>\n<p class=\"Style99\" align=\"justify\">1- d\u2019identifier dans le Sud Est du chef lieu de la commune, les terres agricoles inond\u00e9es sur une surface de 860 ha et ce, par le d\u00e9bordement de l\u2019oued Nini\u00a0;<\/p>\n<p class=\"Style99\" align=\"justify\">2- de localiser au Sud Ouest de la ville de F&rsquo;kirina, les cuvettes d\u00e9pressionnaires gorg\u00e9es d\u2019eaux des pluies provenant des intemp\u00e9ries du 31\/08\/2013.<\/p>\n<p class=\"Style99\" align=\"justify\">La commune de F\u2019kirina est situ\u00e9e sur une plaine agricole drain\u00e9e par des oueds, dont le principal est l\u2019oued Nini, et ayant pour exutoire la d\u00e9pression endor\u00e9ique \u00ab\u00a0Garaet Et Tarf\u00a0\u00bb.<\/p>\n<p class=\"Style99\" align=\"center\"><img loading=\"lazy\" decoding=\"async\" src=\"https:\/\/www.asal.dz\/pictures\/kirina14.jpg\" width=\"477\" height=\"313\" border=\"1\" \/><\/p>\n<p class=\"Style99\" align=\"center\"><img loading=\"lazy\" decoding=\"async\" src=\"https:\/\/www.asal.dz\/pictures\/kirina141.jpg\" width=\"368\" height=\"345\" border=\"1\" \/><\/p>\n<p class=\"Style59\" align=\"center\">Localisation de l\u2019image Alsat-2A du 08\/09\/2013<\/p>\n<p class=\"Style99\" align=\"center\"><img loading=\"lazy\" decoding=\"async\" src=\"https:\/\/www.asal.dz\/pictures\/kirina143.jpg\" width=\"594\" height=\"379\" border=\"1\" \/><\/p>\n<p class=\"Style99\" align=\"center\"><img loading=\"lazy\" decoding=\"async\" src=\"https:\/\/www.asal.dz\/pictures\/kirina144.jpg\" width=\"589\" height=\"433\" border=\"1\" \/><\/p>\n<p class=\"Style99\" align=\"center\"><img loading=\"lazy\" decoding=\"async\" src=\"https:\/\/www.asal.dz\/pictures\/kirina145.jpg\" width=\"678\" height=\"323\" border=\"1\" \/><\/p>\n<p class=\"Style99\" align=\"center\"><img loading=\"lazy\" decoding=\"async\" src=\"https:\/\/www.asal.dz\/pictures\/kirina146.jpg\" width=\"667\" height=\"533\" border=\"1\" \/><\/p>\n<p class=\"Style99\" align=\"center\">\n","protected":false},"excerpt":{"rendered":"<p>Suite aux inondations ayant touch\u00e9\u00a0 la Wilaya d\u2019Oum El Bouaghi, le 31 ao\u00fbt 2013, \u00a0l\u2019Agence Spatiale\u00a0 Alg\u00e9rienne a exploit\u00e9 les images satellitaires Alsat-2A, couvrant la commune de F\u2019kirina et ce, afin d\u2019identifier les\u00a0 d\u00e9g\u00e2ts occasionn\u00e9s. L\u2019analyse des impacts li\u00e9s \u00e0 cet \u00e9v\u00e9nement pluvieux est effectu\u00e9e sur la base d\u2019images Alsat-2A\u00a0 prises le 08 septembre 2013, [&hellip;]<\/p>\n","protected":false},"author":1,"featured_media":0,"parent":0,"menu_order":0,"comment_status":"closed","ping_status":"closed","template":"","meta":{"_et_pb_use_builder":"","_et_pb_old_content":"","_et_gb_content_width":"","rop_custom_images_group":[],"rop_custom_messages_group":[],"rop_publish_now":"initial","rop_publish_now_accounts":[],"rop_publish_now_history":[],"rop_publish_now_status":"pending","footnotes":""},"class_list":["post-1229","page","type-page","status-publish","hentry"],"_links":{"self":[{"href":"https:\/\/asal.dz\/index.php?rest_route=\/wp\/v2\/pages\/1229","targetHints":{"allow":["GET"]}}],"collection":[{"href":"https:\/\/asal.dz\/index.php?rest_route=\/wp\/v2\/pages"}],"about":[{"href":"https:\/\/asal.dz\/index.php?rest_route=\/wp\/v2\/types\/page"}],"author":[{"embeddable":true,"href":"https:\/\/asal.dz\/index.php?rest_route=\/wp\/v2\/users\/1"}],"replies":[{"embeddable":true,"href":"https:\/\/asal.dz\/index.php?rest_route=%2Fwp%2Fv2%2Fcomments&post=1229"}],"version-history":[{"count":0,"href":"https:\/\/asal.dz\/index.php?rest_route=\/wp\/v2\/pages\/1229\/revisions"}],"wp:attachment":[{"href":"https:\/\/asal.dz\/index.php?rest_route=%2Fwp%2Fv2%2Fmedia&parent=1229"}],"curies":[{"name":"wp","href":"https:\/\/api.w.org\/{rel}","templated":true}]}}