{"id":1243,"date":"2019-09-02T16:48:15","date_gmt":"2019-09-02T15:48:15","guid":{"rendered":"https:\/\/asal.dz\/?page_id=1243"},"modified":"2019-09-02T16:48:15","modified_gmt":"2019-09-02T15:48:15","slug":"les-inondations-de-ghardaia-1er-octobre-2008","status":"publish","type":"page","link":"https:\/\/asal.dz\/?page_id=1243","title":{"rendered":"Les inondations de Gharda\u00efa &#8211; 1er   octobre 2008"},"content":{"rendered":"<p class=\"Style37\" align=\"justify\">La gestion et le suivi des catastrophes naturelles repr\u00e9sentent une des priorit\u00e9s du Programme Spatial National horizon 2020, dans son volet applicatif. Dans ce cadre \u00e0 la suite des inondations du 1er octobre 2008<u>,<\/u> ayant touch\u00e9s 9 communes de la wilaya de Gharda\u00efa, l\u2019ASAL en \u00e9troite collaboration avec le Minist\u00e8re de l\u2019Habitat et de l\u2019Urbanisme, le Minist\u00e8re de l\u2019Agriculture et du D\u00e9veloppement Rural, les services de wilaya et l\u2019Office de la Promotion de la Vall\u00e9e du M\u2019Zab, a men\u00e9 un travail minutieux, d\u2019analyse et d\u2019\u00e9valuation des dommages occasionn\u00e9s\u00a0 par le d\u00e9g\u00e2t des eaux, \u00e0 m\u00eame de restituer aux d\u00e9cideurs les informations cl\u00e9s, n\u00e9cessaires aux mesures d\u2019urgence \u00e0 entreprendre.<\/p>\n<p class=\"Style37\" align=\"justify\">A cet effet, l\u2019ASAL, en coordination avec la Direction G\u00e9n\u00e9rale de la Protection Civile, a activ\u00e9 la charte internationale \u00ab\u00a0espace et catastrophes naturelles\u00a0\u00bb des nations unies, afin d\u2019acqu\u00e9rir les images satellitaires n\u00e9cessaires au travail \u00e0 entamer sur les r\u00e9gions ayant subit des dommages de la wilaya de Gharda\u00efa.<\/p>\n<p class=\"Style37\" align=\"justify\">Les travaux r\u00e9alis\u00e9s dans la r\u00e9gion de Gharda\u00efa \u00e0 partir d\u2019images satellitaires \u00e0 haute r\u00e9solution spatiale, prises avant et apr\u00e8s les inondations, ont permis :<\/p>\n<p class=\"Style37\" align=\"justify\"><strong>&#8211;<\/strong> de mettre \u00e0 la disposition des autorit\u00e9s dans les meilleurs d\u00e9lais, des documents cartographiques pr\u00e9cis des impacts des d\u00e9g\u00e2ts, qui sont n\u00e9cessaires \u00e0 la prise de d\u00e9cision en terme de gestion de catastrophe ;<\/p>\n<p class=\"Style37\" align=\"justify\"><strong>&#8211;<\/strong> de cartographier \u00e0 l\u2019\u00e9chelle du l\/2000\u00e8me et l\/5000\u00e8me les zones d\u2019habitations touch\u00e9es en fonction des hauteurs d\u2019eau, permettant un inventaire des b\u00e2tisses affect\u00e9es par ces inondations. Ces informations cartographiques sont utiles pour le programme int\u00e9gr\u00e9 de reconstruction et d\u2019am\u00e9nagement de la vall\u00e9e du M\u2019Zab ;<\/p>\n<p class=\"Style37\" align=\"justify\"><strong>&#8211;<\/strong> de mettre en place un dispositif de suivi des op\u00e9rations de relogement et de reconstruction dans les 14 sites pr\u00e9vus \u00e0 cet effet.<\/p>\n<p class=\"Style37\" align=\"justify\">\n<p class=\"Style37\" align=\"center\"><img loading=\"lazy\" decoding=\"async\" src=\"https:\/\/www.asal.dz\/pictures\/inondation-ghard.JPG\" width=\"511\" height=\"350\" \/><\/p>\n","protected":false},"excerpt":{"rendered":"<p>La gestion et le suivi des catastrophes naturelles repr\u00e9sentent une des priorit\u00e9s du Programme Spatial National horizon 2020, dans son volet applicatif. Dans ce cadre \u00e0 la suite des inondations du 1er octobre 2008, ayant touch\u00e9s 9 communes de la wilaya de Gharda\u00efa, l\u2019ASAL en \u00e9troite collaboration avec le Minist\u00e8re de l\u2019Habitat et de l\u2019Urbanisme, [&hellip;]<\/p>\n","protected":false},"author":1,"featured_media":0,"parent":0,"menu_order":0,"comment_status":"closed","ping_status":"closed","template":"","meta":{"_et_pb_use_builder":"","_et_pb_old_content":"","_et_gb_content_width":"","rop_custom_images_group":[],"rop_custom_messages_group":[],"rop_publish_now":"initial","rop_publish_now_accounts":[],"rop_publish_now_history":[],"rop_publish_now_status":"pending","footnotes":""},"class_list":["post-1243","page","type-page","status-publish","hentry"],"_links":{"self":[{"href":"https:\/\/asal.dz\/index.php?rest_route=\/wp\/v2\/pages\/1243","targetHints":{"allow":["GET"]}}],"collection":[{"href":"https:\/\/asal.dz\/index.php?rest_route=\/wp\/v2\/pages"}],"about":[{"href":"https:\/\/asal.dz\/index.php?rest_route=\/wp\/v2\/types\/page"}],"author":[{"embeddable":true,"href":"https:\/\/asal.dz\/index.php?rest_route=\/wp\/v2\/users\/1"}],"replies":[{"embeddable":true,"href":"https:\/\/asal.dz\/index.php?rest_route=%2Fwp%2Fv2%2Fcomments&post=1243"}],"version-history":[{"count":0,"href":"https:\/\/asal.dz\/index.php?rest_route=\/wp\/v2\/pages\/1243\/revisions"}],"wp:attachment":[{"href":"https:\/\/asal.dz\/index.php?rest_route=%2Fwp%2Fv2%2Fmedia&parent=1243"}],"curies":[{"name":"wp","href":"https:\/\/api.w.org\/{rel}","templated":true}]}}