{"id":3217,"date":"2021-03-14T13:37:05","date_gmt":"2021-03-14T12:37:05","guid":{"rendered":"https:\/\/asal.dz\/?page_id=3217"},"modified":"2026-02-05T16:18:49","modified_gmt":"2026-02-05T15:18:49","slug":"appel-doffres","status":"publish","type":"page","link":"https:\/\/asal.dz\/?page_id=3217","title":{"rendered":"Appel d&rsquo;offres"},"content":{"rendered":"<p><span class=\"grand_titre\" style=\"color: #ff0000;\"><span class=\"new\">Nouveau<\/span><\/span><\/p>\n<table style=\"height: 279px;\">\n<tbody>\n<tr>\n<td style=\"width: 70.0781px;\">27.01.2026<\/td>\n<td style=\"text-align: justify; width: 482px;\">Intitul\u00e9\u00a0: Appel d\u2019offres national ouvert Avec exigence de capacit\u00e9s minimales N\u00b0 02\/DAM\/ASAL\/2026 relatif \u00e0 l\u2019Etude de r\u00e9habilitation du si\u00e8ge de l&rsquo;Agence Spatiale Alg\u00e9rienne (ASAL)<\/td>\n<td style=\"width: 72px;\"><a href=\"https:\/\/asal.dz\/wp-content\/uploads\/2026\/02\/Placards_02-DAM-ASAL-2026.pdf\" target=\"_blank\" rel=\"noopener\"><img loading=\"lazy\" decoding=\"async\" class=\"alignnone wp-image-3223 size-full\" src=\"https:\/\/asal.dz\/wp-content\/uploads\/2021\/03\/pdf-logo-telechargement.png\" alt=\"\" width=\"338\" height=\"334\" srcset=\"https:\/\/asal.dz\/wp-content\/uploads\/2021\/03\/pdf-logo-telechargement.png 338w, https:\/\/asal.dz\/wp-content\/uploads\/2021\/03\/pdf-logo-telechargement-300x296.png 300w\" sizes=\"(max-width: 338px) 100vw, 338px\" \/><\/a><\/td>\n<\/tr>\n<tr>\n<td style=\"width: 70.0781px;\">27.01.2026<\/td>\n<td style=\"text-align: justify; width: 482px;\">Intitul\u00e9 : Appel d&rsquo;offres national ouvert avec exigence de capacit\u00e9s minimales N\u00b001\/CTS\/ASAL\/2026 relatif \u00e0 l\u2019\u00e9tude de l\u2019extension du site abritant le centre des techniques spatiales<\/td>\n<td style=\"width: 72px;\"><a href=\"https:\/\/asal.dz\/wp-content\/uploads\/2026\/02\/Placards_01-CTS-ASAL-2026.pdf\" target=\"_blank\" rel=\"noopener\"><img loading=\"lazy\" decoding=\"async\" class=\"alignnone wp-image-3223 size-full\" src=\"https:\/\/asal.dz\/wp-content\/uploads\/2021\/03\/pdf-logo-telechargement.png\" alt=\"\" width=\"338\" height=\"334\" srcset=\"https:\/\/asal.dz\/wp-content\/uploads\/2021\/03\/pdf-logo-telechargement.png 338w, https:\/\/asal.dz\/wp-content\/uploads\/2021\/03\/pdf-logo-telechargement-300x296.png 300w\" sizes=\"(max-width: 338px) 100vw, 338px\" \/><\/a><\/td>\n<\/tr>\n<tr>\n<td style=\"width: 70.0781px;\">03.11.2024<\/td>\n<td style=\"text-align: justify; width: 482px;\">Appel d\u2019offres national ouvert avec exigence de capacit\u00e9s minimales n\u00b002\/DAM\/ASAL\/2024 pour l\u2019acquisition d\u2019\u00e9quipements informatiques et mobiliers de bureau au profit du centre des applications spatiales \u00ab CAS \u00bb\u00a0:<\/p>\n<ul>\n<li>Lot n\u00b02 : Acquisition des p\u00e9riph\u00e9riques informatiques ;<\/li>\n<li>Lot n\u00b03 : acquisition d\u2019\u00e9quipement de s\u00e9curit\u00e9 et r\u00e9seau LAN ;<\/li>\n<li>Lot n\u00b04 : Acquisition de mobiliers de bureau.<\/li>\n<\/ul>\n<\/td>\n<td style=\"width: 72px;\"><a href=\"https:\/\/asal.dz\/wp-content\/uploads\/2024\/11\/AONI-AR-FR_SiteWeb.pdf\" target=\"_blank\" rel=\"noopener\"><img loading=\"lazy\" decoding=\"async\" class=\"alignnone wp-image-3223 size-full\" src=\"https:\/\/asal.dz\/wp-content\/uploads\/2021\/03\/pdf-logo-telechargement.png\" alt=\"\" width=\"338\" height=\"334\" srcset=\"https:\/\/asal.dz\/wp-content\/uploads\/2021\/03\/pdf-logo-telechargement.png 338w, https:\/\/asal.dz\/wp-content\/uploads\/2021\/03\/pdf-logo-telechargement-300x296.png 300w\" sizes=\"(max-width: 338px) 100vw, 338px\" \/><\/a><\/td>\n<\/tr>\n<tr style=\"height: 78px;\">\n<td style=\"height: 78px; width: 70.0781px;\">07.02.2024<\/td>\n<td style=\"text-align: justify; height: 78px; width: 482px;\">Appel d\u2019offres national ouvert avec exigence de capacit\u00e9s minimales n\u00b001\/DAM\/ASAL\/2024 pour l&rsquo;acquisition d\u2019\u00e9quipements informatiques et mobiliers de bureau au profit du centre des applications spatiales \u00ab CAS \u00bb.<\/td>\n<td style=\"height: 78px; width: 72px;\"><a href=\"https:\/\/asal.dz\/wp-content\/uploads\/2024\/02\/AONI_CAS.pdf\" target=\"_blank\" rel=\"noopener\"><img loading=\"lazy\" decoding=\"async\" class=\"alignnone wp-image-3223 size-full\" src=\"https:\/\/asal.dz\/wp-content\/uploads\/2021\/03\/pdf-logo-telechargement.png\" alt=\"\" width=\"338\" height=\"334\" srcset=\"https:\/\/asal.dz\/wp-content\/uploads\/2021\/03\/pdf-logo-telechargement.png 338w, https:\/\/asal.dz\/wp-content\/uploads\/2021\/03\/pdf-logo-telechargement-300x296.png 300w\" sizes=\"(max-width: 338px) 100vw, 338px\" \/><\/a><\/td>\n<\/tr>\n<tr style=\"height: 123px;\">\n<td style=\"height: 123px; width: 70.0781px;\">27.04.2021<\/td>\n<td style=\"text-align: center; height: 123px; width: 482px;\">\n<p style=\"text-align: justify;\">Attribution provisoire de march\u00e9 dans le cadre de l&rsquo;appel d\u2019offres national ouvert avec exigence de capacit\u00e9s minimales n\u00b003\/CDS\/ASAL\/2021 pour l\u2019Assurances du Patrimoine du Centre de D\u00e9veloppement des Satellites \u00ab CDS \u00bb<\/p>\n<\/td>\n<td style=\"height: 123px; width: 72px;\"><a href=\"https:\/\/asal.dz\/wp-content\/uploads\/2021\/04\/Att_Provisoire_AO_03-CDS-ASAL-2021.pdf\" target=\"_blank\" rel=\"noopener\"><img loading=\"lazy\" decoding=\"async\" class=\"alignnone size-full wp-image-3223\" src=\"https:\/\/asal.dz\/wp-content\/uploads\/2021\/03\/pdf-logo-telechargement.png\" alt=\"\" width=\"338\" height=\"334\" srcset=\"https:\/\/asal.dz\/wp-content\/uploads\/2021\/03\/pdf-logo-telechargement.png 338w, https:\/\/asal.dz\/wp-content\/uploads\/2021\/03\/pdf-logo-telechargement-300x296.png 300w\" sizes=\"(max-width: 338px) 100vw, 338px\" \/><\/a><\/td>\n<\/tr>\n<tr style=\"height: 78px;\">\n<td style=\"height: 78px; width: 70.0781px;\">28.03.2021<\/td>\n<td style=\"height: 78px; width: 482px;\">Appel d\u2019offres national ouvert avec exigence de capacit\u00e9s minimales n\u00b003\/CDS\/ASAL\/2021 pour l\u2019Assurances du Patrimoine du Centre de D\u00e9veloppement des Satellites \u00ab CDS \u00bb<\/td>\n<td style=\"height: 78px; width: 72px;\"><a href=\"https:\/\/asal.dz\/wp-content\/uploads\/2021\/03\/AO_03-CDS-ASAL-2021.pdf\" target=\"_blank\" rel=\"noopener\"><img loading=\"lazy\" decoding=\"async\" class=\"alignnone size-full wp-image-3223\" src=\"https:\/\/asal.dz\/wp-content\/uploads\/2021\/03\/pdf-logo-telechargement.png\" alt=\"\" width=\"338\" height=\"334\" srcset=\"https:\/\/asal.dz\/wp-content\/uploads\/2021\/03\/pdf-logo-telechargement.png 338w, https:\/\/asal.dz\/wp-content\/uploads\/2021\/03\/pdf-logo-telechargement-300x296.png 300w\" sizes=\"(max-width: 338px) 100vw, 338px\" \/><\/a><\/td>\n<\/tr>\n<\/tbody>\n<\/table>\n","protected":false},"excerpt":{"rendered":"<p>Nouveau 27.01.2026 Intitul\u00e9\u00a0: Appel d\u2019offres national ouvert Avec exigence de capacit\u00e9s minimales N\u00b0 02\/DAM\/ASAL\/2026 relatif \u00e0 l\u2019Etude de r\u00e9habilitation du si\u00e8ge de l&rsquo;Agence Spatiale Alg\u00e9rienne (ASAL) 27.01.2026 Intitul\u00e9 : Appel d&rsquo;offres national ouvert avec exigence de capacit\u00e9s minimales N\u00b001\/CTS\/ASAL\/2026 relatif \u00e0 l\u2019\u00e9tude de l\u2019extension du site abritant le centre des techniques spatiales 03.11.2024 Appel d\u2019offres [&hellip;]<\/p>\n","protected":false},"author":1,"featured_media":0,"parent":0,"menu_order":0,"comment_status":"closed","ping_status":"closed","template":"","meta":{"_et_pb_use_builder":"off","_et_pb_old_content":"","_et_gb_content_width":"","rop_custom_images_group":[],"rop_custom_messages_group":[],"rop_publish_now":"initial","rop_publish_now_accounts":[],"rop_publish_now_history":[],"rop_publish_now_status":"pending","footnotes":""},"class_list":["post-3217","page","type-page","status-publish","hentry"],"_links":{"self":[{"href":"https:\/\/asal.dz\/index.php?rest_route=\/wp\/v2\/pages\/3217","targetHints":{"allow":["GET"]}}],"collection":[{"href":"https:\/\/asal.dz\/index.php?rest_route=\/wp\/v2\/pages"}],"about":[{"href":"https:\/\/asal.dz\/index.php?rest_route=\/wp\/v2\/types\/page"}],"author":[{"embeddable":true,"href":"https:\/\/asal.dz\/index.php?rest_route=\/wp\/v2\/users\/1"}],"replies":[{"embeddable":true,"href":"https:\/\/asal.dz\/index.php?rest_route=%2Fwp%2Fv2%2Fcomments&post=3217"}],"version-history":[{"count":7,"href":"https:\/\/asal.dz\/index.php?rest_route=\/wp\/v2\/pages\/3217\/revisions"}],"predecessor-version":[{"id":13105,"href":"https:\/\/asal.dz\/index.php?rest_route=\/wp\/v2\/pages\/3217\/revisions\/13105"}],"wp:attachment":[{"href":"https:\/\/asal.dz\/index.php?rest_route=%2Fwp%2Fv2%2Fmedia&parent=3217"}],"curies":[{"name":"wp","href":"https:\/\/api.w.org\/{rel}","templated":true}]}}