{"id":56,"date":"2018-12-05T00:14:19","date_gmt":"2018-12-04T23:14:19","guid":{"rendered":"https:\/\/asal.dz\/?page_id=56"},"modified":"2019-09-02T16:35:47","modified_gmt":"2019-09-02T15:35:47","slug":"amenagment-infrastructures-et-equipements","status":"publish","type":"page","link":"https:\/\/asal.dz\/?page_id=56","title":{"rendered":"Amenagment ,Infrastructures et Equipements"},"content":{"rendered":"<blockquote>\n<p class=\"Style37\" align=\"justify\"><img loading=\"lazy\" decoding=\"async\" src=\"https:\/\/www.asal.dz\/pictures\/puce.jpg\" width=\"16\" height=\"10\" \/><a href=\"https:\/\/asal.dz\/?page_id=1195\">Projet de r\u00e9alisation de SIG d\u00e9di\u00e9 au suivi des instruments d\u2019urbanisme et des programmes d\u2019habitat pour 18 wilayas.<\/a><\/p>\n<p class=\"Style37\" align=\"justify\"><img loading=\"lazy\" decoding=\"async\" src=\"https:\/\/www.asal.dz\/pictures\/puce.jpg\" width=\"16\" height=\"10\" \/><a href=\"https:\/\/asal.dz\/?page_id=1199\">R\u00e9alisation d\u2019un SIG pour la reconnaissance et la localisation des sites d\u2019implantation de l\u2019habitat pr\u00e9caire dans les communes d\u2019Azzaba, El Ghdir, Ramdane Djamel, Beni Bechir et Salah Bouachour (Wilaya de Skikda),\u00e0 partir de l\u2019imagerie satellitaire \u00e0 tr\u00e8s haute r\u00e9solution.<\/a><\/p>\n<p class=\"Style37\" align=\"justify\"><img loading=\"lazy\" decoding=\"async\" src=\"https:\/\/www.asal.dz\/pictures\/puce.jpg\" width=\"16\" height=\"10\" \/><a href=\"https:\/\/asal.dz\/?page_id=1205\">Projet de r\u00e9alisation de spatiocartes \u00e0 l\u2019\u00e9chelle du 1\/5000 \u00e8me couvrant le territoire de la wilaya d\u2019Alger.<\/a><\/p>\n<p class=\"Style37\" align=\"justify\"><img loading=\"lazy\" decoding=\"async\" src=\"https:\/\/www.asal.dz\/pictures\/puce.jpg\" width=\"16\" height=\"10\" \/><a href=\"https:\/\/asal.dz\/?page_id=1209\">Cartographie des zones d\u2019expansion touristique (ZET) de\u00a0Larbi Ben M\u2019hidi-Fil Fila, et de la Marsa (Wilaya de Skikda).<\/a><\/p>\n<\/blockquote>\n","protected":false},"excerpt":{"rendered":"<p>Projet de r\u00e9alisation de SIG d\u00e9di\u00e9 au suivi des instruments d\u2019urbanisme et des programmes d\u2019habitat pour 18 wilayas. R\u00e9alisation d\u2019un SIG pour la reconnaissance et la localisation des sites d\u2019implantation de l\u2019habitat pr\u00e9caire dans les communes d\u2019Azzaba, El Ghdir, Ramdane Djamel, Beni Bechir et Salah Bouachour (Wilaya de Skikda),\u00e0 partir de l\u2019imagerie satellitaire \u00e0 tr\u00e8s [&hellip;]<\/p>\n","protected":false},"author":1,"featured_media":0,"parent":0,"menu_order":0,"comment_status":"closed","ping_status":"closed","template":"","meta":{"_et_pb_use_builder":"","_et_pb_old_content":"","_et_gb_content_width":"","rop_custom_images_group":[],"rop_custom_messages_group":[],"rop_publish_now":"initial","rop_publish_now_accounts":[],"rop_publish_now_history":[],"rop_publish_now_status":"pending","footnotes":""},"class_list":["post-56","page","type-page","status-publish","hentry"],"_links":{"self":[{"href":"https:\/\/asal.dz\/index.php?rest_route=\/wp\/v2\/pages\/56","targetHints":{"allow":["GET"]}}],"collection":[{"href":"https:\/\/asal.dz\/index.php?rest_route=\/wp\/v2\/pages"}],"about":[{"href":"https:\/\/asal.dz\/index.php?rest_route=\/wp\/v2\/types\/page"}],"author":[{"embeddable":true,"href":"https:\/\/asal.dz\/index.php?rest_route=\/wp\/v2\/users\/1"}],"replies":[{"embeddable":true,"href":"https:\/\/asal.dz\/index.php?rest_route=%2Fwp%2Fv2%2Fcomments&post=56"}],"version-history":[{"count":0,"href":"https:\/\/asal.dz\/index.php?rest_route=\/wp\/v2\/pages\/56\/revisions"}],"wp:attachment":[{"href":"https:\/\/asal.dz\/index.php?rest_route=%2Fwp%2Fv2%2Fmedia&parent=56"}],"curies":[{"name":"wp","href":"https:\/\/api.w.org\/{rel}","templated":true}]}}