{"id":989,"date":"2019-08-28T15:35:43","date_gmt":"2019-08-28T14:35:43","guid":{"rendered":"https:\/\/asal.dz\/?page_id=989"},"modified":"2019-08-28T15:35:43","modified_gmt":"2019-08-28T14:35:43","slug":"specifications-alsat-1","status":"publish","type":"page","link":"https:\/\/asal.dz\/?page_id=989","title":{"rendered":"Sp\u00e9cifications  Alsat-1"},"content":{"rendered":"<p align=\"justify\"><span class=\"Style42\">Le satellite Alsat-1 fait partie d&rsquo;une nouvelle g\u00e9n\u00e9ration de satellites avec grandes capacit\u00e9s de commande d&rsquo;attitude et d&rsquo;orbite et un downlink \u00e0 haut d\u00e9bit. La structure de ce satellite utilise les modules standards de SSTL de tailles diff\u00e9rentes (aluminiums usin\u00e9s) pour loger l&rsquo;\u00e9lectronique et les sous-syst\u00e8mes. <\/span><\/p>\n<p class=\"Style42\" align=\"center\"><img loading=\"lazy\" decoding=\"async\" src=\"https:\/\/www.asal.dz\/pictures\/alsat.JPG\" width=\"311\" height=\"230\" \/><\/p>\n<p class=\"Style42\" align=\"center\">\n<p class=\"Style42\" align=\"justify\">La plateforme augment\u00e9e du microsatellite utilis\u00e9e pour AlSAT-1 a des dimensions d&rsquo;environ de 0.6 m \u00d7 0.6 m \u00d7 0.6 m dans la configuration de lancement. Les panneaux solaires du satellite utilisent des cellules de GaAs\/Ge et fournissent une puissance totale d&rsquo;environs de 240 W. L&rsquo;\u00e9nergie est stock\u00e9e dans une batterie rechargeable (NiCd) de 4 amp\u00e8res-heure. AlSAT-1 a une masse totale approximative de 92 kilogrammes. Un syst\u00e8me de propulsion \u00e0 gaz liqu\u00e9fi\u00e9, augment\u00e9 d&rsquo;un resistojet, permet le maintien d&rsquo;orbite pendant la dur\u00e9e de vie de la mission.<br \/>\nCommunication (Radio Fr\u00e9quences) : Une m\u00e9moire de stockage de type SSDR de 9 Gbit est utilis\u00e9e pour stocker les images. Le SSDR peut enregistrer des images de larges r\u00e9gions d&rsquo;une \u00e9tendue de (640km x 560km) ou des sections d&rsquo;image multiples de 80 kilom\u00e8tres. La bande S est utilis\u00e9e pour la t\u00e9l\u00e9m\u00e9trie et t\u00e9l\u00e9commande. Le t\u00e9l\u00e9chargement \u00ab downlink \u00bb est effectu\u00e9 \u00e0 8 Mbit\/s. Le satellite utilise des protocoles IP pour son op\u00e9ration.<br \/>\nSyst\u00e8me d&rsquo;imagerie ESIS (Extended Swath Imaging System ) : Le syst\u00e8me repose sur trois bandes spectrales. ESIS utilise la technologie de prise d&rsquo;image dite \u00ab pushbroom \u00bb en utilisant deux cam\u00e9ras par bande mont\u00e9es de fa\u00e7on \u00e0 fournir une large fauch\u00e9e de 600 kilom\u00e8tres avec une r\u00e9solution spatiale de 32 m GSD.<\/p>\n<h3 class=\"Style50\" align=\"left\">Format des donn\u00e9es d&rsquo;Alsat-1<\/h3>\n<p align=\"justify\"><span class=\"Style51\"><span class=\"Style52\"><strong>Champ d&rsquo;application : <\/strong><br \/>\n\u2022\u00a0Gestion et inventaire des ressources naturelles.<br \/>\n\u2022\u00a0Cartographie de l&rsquo;occupation du sol.<br \/>\n\u2022\u00a0Foresterie.<br \/>\n\u2022\u00a0Statistiques agricoles.<br \/>\n\u2022\u00a0D\u00e9sertification.<br \/>\n\u2022\u00a0Localisation d&rsquo;infrastructures (a\u00e9roport, urbain\u2026)<br \/>\n\u2022\u00a0Suivi des ph\u00e9nom\u00e8nes \u00e9volutif\u2026<\/p>\n<p><strong>Niveau de pr\u00e9traitement et format : <\/strong><br \/>\nLa station de r\u00e9ception situ\u00e9e au Centre National des Techniques Spatiales d&rsquo;Arzew t\u00e9l\u00e9charge les donn\u00e9es Alsat1 dans le format BIL (band Interleaved by line).<br \/>\nL&rsquo;ent\u00eate du fichier image contient :<br \/>\n\u2022\u00a0Les param\u00e8tres de prise de vue<br \/>\n\u2022\u00a0Les informations relatives \u00e0 la t\u00e9l\u00e9m\u00e9trie et \u00e0 l&rsquo;orbitographie.<\/span><\/span><\/p>\n<p align=\"justify\"><span class=\"Style51\"><span class=\"Style52\"><strong>Format Alsat1 <\/strong><br \/>\n<strong>1.\u00a0Niveau L0R :<\/strong> Les trois composantes (Proche Infra-Rouge, Rouge et verte) de l&rsquo;image sont retourn\u00e9es verticalement pour \u00eatre conformes au sens d&rsquo;acquisition de l&rsquo;image (sens de la trace du satellite : noeud ascendant). Elles sont trait\u00e9es radiom\u00e9triquement pour corriger d&rsquo;une part, les effets de lin\u00e9ament vertical entre les colonnes paires et impaires et d&rsquo;autre part les effets de vignetage dus \u00e0 l&rsquo;optique de la cam\u00e9ra.<br \/>\n<strong>2.\u00a0Niveau L1R :<\/strong> Les trois canaux Alsat1 de niveau L0R sont corrig\u00e9s des d\u00e9formations g\u00e9om\u00e9triques dues \u00e0 l&rsquo;optique de chaque cam\u00e9ra, et \u00e0 l&rsquo;inclinaison orbitale du microsatellite. <\/span><\/span><\/p>\n<p align=\"justify\">\n<p align=\"justify\"><span class=\"Style54\">Sp\u00e9cifications du capteur<\/span><\/p>\n<table border=\"0\" cellspacing=\"0\" cellpadding=\"0\" align=\"center\">\n<tbody>\n<tr>\n<td><\/td>\n<\/tr>\n<tr>\n<td>\n<div align=\"left\">\n<table border=\"1\" cellspacing=\"0\" cellpadding=\"0\">\n<tbody>\n<tr>\n<td width=\"157\" height=\"23\">\n<p class=\"Style42\">Mode de prise de vue<\/p>\n<\/td>\n<td width=\"226\">\n<p class=\"Style42\">Push-broom<\/p>\n<\/td>\n<\/tr>\n<tr>\n<td height=\"26\">\n<p class=\"Style42\">Capteur multispectral<\/p>\n<\/td>\n<td>\n<p class=\"Style42\">02 cam\u00e9ras avec recouverement de 16 Km<\/p>\n<\/td>\n<\/tr>\n<tr>\n<td height=\"24\">\n<p class=\"Style42\">Bandes spectral<\/p>\n<\/td>\n<td>\n<p class=\"Style42\">Vert, Rouge et Proche Infrarouge<\/p>\n<\/td>\n<\/tr>\n<tr>\n<td height=\"25\">\n<p class=\"Style42\">Largeur de la fauch\u00e9e<\/p>\n<\/td>\n<td>\n<p class=\"Style42\">2 x 300 Km<\/p>\n<\/td>\n<\/tr>\n<tr>\n<td height=\"24\">\n<p class=\"Style42\">Nombres de Pixels<\/p>\n<\/td>\n<td>\n<p class=\"Style42\">10200 par cam\u00e9ra<\/p>\n<\/td>\n<\/tr>\n<tr>\n<td height=\"23\">\n<p class=\"Style42\">R\u00e9solution spatiale<\/p>\n<\/td>\n<td>\n<p class=\"Style42\">32 m<\/p>\n<\/td>\n<\/tr>\n<tr>\n<td height=\"24\">\n<p class=\"Style42\">Taille image maximale<\/p>\n<\/td>\n<td>\n<p class=\"Style42\">600 x 560 Km<\/p>\n<\/td>\n<\/tr>\n<tr>\n<td height=\"22\">\n<p class=\"Style42\">Focale<\/p>\n<\/td>\n<td>\n<p class=\"Style42\">150 mm<\/p>\n<\/td>\n<\/tr>\n<\/tbody>\n<\/table>\n<\/div>\n<\/td>\n<\/tr>\n<\/tbody>\n<\/table>\n<p align=\"center\"><img loading=\"lazy\" decoding=\"async\" src=\"https:\/\/www.asal.dz\/pictures\/capteur.JPG\" width=\"422\" height=\"202\" \/><\/p>\n<p class=\"Style42\" align=\"justify\">\n<p class=\"Style42\" align=\"justify\">La cam\u00e9ra embarqu\u00e9e sur le microsatellite Alsat1 couvre trois bandes du spectre \u00e9lectromagn\u00e9tique :<br \/>\n\u2022\u00a0Bande 1 (Vert : 0.523 \u2013 0.605 \u00b5m)<br \/>\n\u2022\u00a0Bande 2 (Rouge : 0.629 \u2013 0.690 \u00b5m)<br \/>\n\u2022\u00a0Bande 3 (Proche Infrarouge : 0.774 &#8211; 0.900 \u00b5m)<\/p>\n<p class=\"Style42\" align=\"center\"><img loading=\"lazy\" decoding=\"async\" src=\"https:\/\/www.asal.dz\/pictures\/capteurs.JPG\" width=\"334\" height=\"267\" \/><\/p>\n<p class=\"Style42\" align=\"center\">Signatures spectrales compar\u00e9es par rapport aux bandes Alsat 1<\/p>\n<p class=\"Style42\" align=\"center\">\n<p class=\"Style54\" align=\"left\">Fauch\u00e9e et \u00a0fen\u00eatrage<\/p>\n<p class=\"Style42\">Alsat 1 est caract\u00e9ris\u00e9 par sa :<\/p>\n<p class=\"Style42\">\u2022\u00a0Grande fauch\u00e9e<br \/>\n\u2022\u00a0Fonction de fen\u00eatrage<\/p>\n<p class=\"Style42\" align=\"center\"><img loading=\"lazy\" decoding=\"async\" src=\"https:\/\/www.asal.dz\/pictures\/fauchee.JPG\" width=\"313\" height=\"511\" \/><\/p>\n<p class=\"Style55\" align=\"center\">Image 600 \u00d7 560 Km (33.600.000 Hectares) : Le territoire national est couvert par 11 images Alsat 1<\/p>\n<p class=\"Style54\" align=\"left\">\n<p class=\"Style54\" align=\"center\"><img loading=\"lazy\" decoding=\"async\" src=\"https:\/\/www.asal.dz\/pictures\/fleuve.JPG\" width=\"315\" height=\"668\" \/><\/p>\n<p class=\"Style42\" align=\"center\">Fleuve du Nil (Egypte) cam\u00e9ra multispectrale 19\/10\/2003,<br \/>\nTaille de l&rsquo;image 5000 \u00d7 34000 pixels soit 160\u00d71088 Km<\/p>\n","protected":false},"excerpt":{"rendered":"<p>Le satellite Alsat-1 fait partie d&rsquo;une nouvelle g\u00e9n\u00e9ration de satellites avec grandes capacit\u00e9s de commande d&rsquo;attitude et d&rsquo;orbite et un downlink \u00e0 haut d\u00e9bit. La structure de ce satellite utilise les modules standards de SSTL de tailles diff\u00e9rentes (aluminiums usin\u00e9s) pour loger l&rsquo;\u00e9lectronique et les sous-syst\u00e8mes. La plateforme augment\u00e9e du microsatellite utilis\u00e9e pour AlSAT-1 a [&hellip;]<\/p>\n","protected":false},"author":1,"featured_media":0,"parent":0,"menu_order":0,"comment_status":"closed","ping_status":"closed","template":"","meta":{"_et_pb_use_builder":"","_et_pb_old_content":"","_et_gb_content_width":"","rop_custom_images_group":[],"rop_custom_messages_group":[],"rop_publish_now":"initial","rop_publish_now_accounts":[],"rop_publish_now_history":[],"rop_publish_now_status":"pending","footnotes":""},"class_list":["post-989","page","type-page","status-publish","hentry"],"_links":{"self":[{"href":"https:\/\/asal.dz\/index.php?rest_route=\/wp\/v2\/pages\/989","targetHints":{"allow":["GET"]}}],"collection":[{"href":"https:\/\/asal.dz\/index.php?rest_route=\/wp\/v2\/pages"}],"about":[{"href":"https:\/\/asal.dz\/index.php?rest_route=\/wp\/v2\/types\/page"}],"author":[{"embeddable":true,"href":"https:\/\/asal.dz\/index.php?rest_route=\/wp\/v2\/users\/1"}],"replies":[{"embeddable":true,"href":"https:\/\/asal.dz\/index.php?rest_route=%2Fwp%2Fv2%2Fcomments&post=989"}],"version-history":[{"count":0,"href":"https:\/\/asal.dz\/index.php?rest_route=\/wp\/v2\/pages\/989\/revisions"}],"wp:attachment":[{"href":"https:\/\/asal.dz\/index.php?rest_route=%2Fwp%2Fv2%2Fmedia&parent=989"}],"curies":[{"name":"wp","href":"https:\/\/api.w.org\/{rel}","templated":true}]}}